2*l - 35. Give y(8).
-3
Let j(k) = 18*k**2 + 225*k + 119. Calculate j(-12).
11
Let t(s) = -42*s**2 + 40*s - 97. Determine t(2).
-185
Let x(y) = -37*y**2 - 7*y + 1. Give x(2).
-161
Let h(y) = 348*y**2 - 4*y - 2. Determine h(-1).
350
Let n(s) = -2*s**3 - 36*s**2 + 359*s + 218. Give n(-25).
-7
Let d(l) = l**2 - 134*l + 2188. What is d(19)?
3
Let b(j) = j**3 - 32*j**2 + 31*j - 988. Give b(32).
4
Let h(m) = -m**3 - 7*m**2 + 14*m + 110. Give h(-5).
-10
Let x(u) = u**3 + 3*u**2 - 156*u - 461. Calculate x(-3).
7
Let i(x) = 7*x**2 + 8*x - 9. What is i(1)?
6
Let x(u) = -17*u - 955. Calculate x(-57).
14
Let u(p) = -p**3 - 23*p**2 - 236*p - 4758. Determine u(-22).
-50
Let l(a) = -151*a - 2582. What is l(-19)?
287
Let w(s) = s**2 + 96*s - 2526. Determine w(22).
70
Let r(d) = 608*d + 3646. Calculate r(-6).
-2
Let a(o) = 63*o**2 + 12*o - 27. What is a(2)?
249
Let h(x) = -2*x**2 - 16*x - 23. What is h(-2)?
1
Let p(l) = 42*l**2 + 116*l - 14. Calculate p(-3).
16
Let r(k) = 61*k**2 + 490*k - 1. Give r(-8).
-17
Let l(c) = -2*c**2 + 15*c - 20. Give l(8).
-28
Let x(u) = -u**2 + 17*u + 2286. Determine x(57).
6
Let r(x) = -x**3 + 21*x**2 - 20*x - 2. What is r(1)?
-2
Let n(w) = -20*w - 1059. Determine n(-53).
1
Let o(s) = -2*s**3 - 4*s**2 - 14*s - 41. What is o(-4)?
79
Let s(a) = 5*a**2 - 301*a - 2274. Determine s(67).
4
Let v(q) = -3*q**3 + 19*q**2 - 8*q - 40. What is v(5)?
20
Let f(v) = -2*v**2 - 716*v + 2903. Determine f(4).
7
Let b(u) = 67*u - 44. Give b(2).
90
Let v(b) = -b**3 + 30*b**2 + 94*b + 20. Give v(33).
-145
Let d(k) = -2*k**3 + k**2 - 323*k + 323. Give d(1).
-1
Let b(g) = -g**3 + 101*g**2 - 1908*g + 610. What is b(76)?
2
Let y(u) = -2*u**3 + 57*u**2 - 22*u - 186. Determine y(28).
-18
Let y(n) = 4*n**2 - 39*n - 180. Determine y(13).
-11
Let p(u) = -81*u + 1804. Give p(23).
-59
Let l(q) = 106*q**3 + 11*q**2 - 14*q - 6. Give l(2).
858
Let t(y) = -729*y + 2281. Determine t(3).
94
Let k(c) = -c**3 - 7*c**2 + 138*c + 1026. Calculate k(-11).
-8
Let m(p) = -663*p + 7327. Give m(11).
34
Let z(a) = 18*a**2 - 815*a - 628. Give z(46).
-30
Let b(f) = 31*f + 116. Calculate b(-7).
-101
Let p(m) = 2*m**2 - 20*m - 937. Calculate p(-20).
263
Let i(u) = -2*u**2 - 28*u + 11. Give i(-6).
107
Let o(w) = 528*w - 24303. Determine o(46).
-15
Let k(q) = 15*q - 177. Give k(33).
318
Let u(q) = -77*q + 169. What is u(3)?
-62
Let p(m) = 52*m - 87. Calculate p(-1).
-139
Let h(o) = 2280*o - 104881. What is h(46)?
-1
Let p(d) = -6*d**2 - 501*d + 1274. Calculate p(-86).
-16
Let g(a) = a**3 - 3*a**2 - 26*a + 53. Calculate g(2).
-3
Let j(l) = -2*l**3 - 34*l**2 + 63*l + 664. Calculate j(-18).
178
Let h(a) = -a**3 + 4*a**2 + 33*a + 15. What is h(8)?
23
Let g(s) = -s**2 + 75*s + 1410. Calculate g(-16).
-46
Let r(i) = 15*i**2 + 302*i + 1012. Give r(-16).
20
Let c(u) = u**3 - 11*u**2 + 19*u - 1. Determine c(10).
89
Let q(c) = c**2 + 51*c - 752. Give q(-63).
4
Let j(p) = p**3 + 6*p**2 - 6742*p - 27005. Calculate j(-4).
-5
Let u(b) = -b**3 - b**2 + 12*b + 23. What is u(-4)?
23
Let p(m) = 22*m + 251. Give p(-15).
-79
Let n(j) = -560*j + 3932. Calculate n(7).
12
Let s(z) = -8706*z - 174122. Determine s(-20).
-2
Let g(l) = -l**3 - 24*l**2 + 50*l + 68. What is g(-26)?
120
Let g(y) = -y**2 - 45*y - 333. Determine g(-36).
-9
Let h(k) = 213*k + 12152. Give h(-57).
11
Let n(s) = -s**3 + 9*s**2 - 15*s - 9. Calculate n(6).
9
Let g(r) = -59*r**2 + 7*r + 17. Give g(-3).
-535
Let w(a) = -a**2 + 99*a - 965. What is w(88)?
3
Let i(k) = k**2 + 8*k + 19. Give i(-4).
3
Let s(j) = j**3 + 20*j**2 + 33*j - 50. Calculate s(-18).
4
Let m(n) = n**3 + 8*n**2 + 10*n - 6. Determine m(-6).
6
Let r(f) = -56*f + 3145. Give r(57).
-47
Let h(p) = 65*p - 4491. What is h(69)?
-6
Let c(r) = -r**3 + 9*r**2 - 13*r + 12. Determine c(0).
12
Let t(u) = 4*u**2 + 20*u + 25. Give t(-5).
25
Let k(r) = -1237*r - 3723. Determine k(-3).
-12
Let z(a) = 84*a - 500. What is z(6)?
4
Let t(u) = u**2 - 17*u - 127. Give t(12).
-187
Let r(w) = -2*w**2 + 183*w + 1166. Give r(-6).
-4
Let n(y) = 3*y**2 + 43*y + 19. Calculate n(-14).
5
Let f(h) = h**2 + 252*h - 10062. Calculate f(35).
-17
Let q(x) = x**2 - 10*x - 713. Determine q(-23).
46
Let d(j) = -j**2 - 67*j - 277. Calculate d(-4).
-25
Let h(b) = -10*b - 86. What is h(-22)?
134
Let d(j) = -6*j - 34. What is d(-4)?
-10
Let z(c) = 26*c**3 - c + 1. Give z(1).
26
Let g(w) = -w**2 + 21*w + 45. Give g(21).
45
Let a(p) = 11*p**2 + 1003*p - 832. Calculate a(-92).
-4
Let w(p) = -p**3 - 11*p**2 - 57*p - 206. Determine w(-7).
-3
Let f(z) = 14*z**2 + 37*z - 287. What is f(-6)?
-5
Let x(p) = -2*p**2 - 61*p + 175. Calculate x(-33).
10
Let n(m) = m**3 + 14*m**2 + 65*m + 104. What is n(-7)?
-8
Let k(l) = -30*l + 984. Determine k(31).
54
Let m(a) = -46*a + 751. Give m(16).
15
Let o(s) = -s**3 + 41*s**2 - 260*s + 776. Determine o(34).
28
Let x(t) = t**2 - 69. Calculate x(-10).
31
Let u(w) = w**2 - 18*w + 77. Calculate u(10).
-3
Let y(i) = 1891*i - 7519. Give y(4).
45
Let y(m) = m**3 + m**2 - 3*m + 10. What is y(3)?
37
Let u(j) = 289*j + 1180. Calculate u(-4).
24
Let j(i) = i**3 + 13*i**2 + 30*i - 21. Give j(-10).
-21
Let f(d) = -94*d - 853. What is f(-9)?
-7
Let q(n) = -29*n + 79. Calculate q(3).
-8
Let o(z) = 2*z**2 - 147*z - 2369. Give o(87).
-20
Let m(t) = -t**3 - 11*t**2 - 20*t - 326. What is m(-10)?
-226
Let h(s) = s**2 + 45*s + 508. Calculate h(-25).
8
Let j(c) = 10*c**2 - 25*c + 183. Give j(6).
393
Let i(p) = p**3 - 218*p**2 + 10726*p - 69. What is i(75)?
6
Let y(t) = -t**3 + 53*t**2 - 157*t + 350. Determine y(50).
0
Let r(m) = 96*m**2 + 4*m + 16. Determine r(2).
408
Let h(p) = -338*p - 17523. What is h(-52)?
53
Let y(r) = r**3 + 33*r**2 + 219*r + 74. Give y(-24).
2
Let r(t) = t**3 - 42*t**2 - 7*t + 298. Determine r(42).
4
Let b(c) = -381*c + 1892. Give b(5).
-13
Let q(g) = 5*g**2 - 134*g - 126. What is q(28)?
42
Let j(w) = 3*w**3 + 4*w - 3. What is j(2)?
29
Let v(y) = -17*y**3 - 2*y**2 + 3*y + 12. What is v(2)?
-126
Let h(t) = 3*t**2 + 47*t + 136. Calculate h(-12).
4
Let v(o) = o**2 + 20*o + 36. Give v(-2).
0
Let b(n) = -273*n - 61. Give b(-2).
485
Let s(p) = 21*p - 1160. Give s(60).
100
Let x(g) = -46*g + 463. What is x(10)?
3
Let z(b) = -5145*b - 5148. What is z(-1)?
-3
Let q(u) = -33*u**2 + 2119*u - 448. Give q(64).
0
Let r(m) = 2669*m - 10663. Give r(4).
13
Let x(i) = -62*i - 2332. What is x(-38)?
24
Let o(q) = -1442*q + 1441. Give o(1).
-1
Let q(y) = 12*y + 130. Calculate q(-22).
-134
Let o(a) = 5*a**2 - 135*a + 394. Give o(3).
34
Let c(n) = -69*n + 178. Give c(-11).
937
Let w(s) = s + 186. Calculate w(19).
205
Let b(n) = n**2 + 39*n + 257. Calculate b(-17).
-117
Let y(h) = -h**2 - 58*h + 1187. Calculate y(-74).
3
Let l(y) = 587*y + 565. Calculate l(-1).
-22
Let d(y) = y**2 - 432*y - 2628. What is d(-6)?
0
Let k(t) = -t**3 - t**2 - 6*t - 46. What is k(-7)?
290
Let x(n) = n**3 - 44*n**2 + 483*n - 11. Give x(21).
-11
Let l(u) = -u**2 + 88*u + 3246. Calculate l(116).
-2
Let w(x) = 25*x**2 + 31*x - 60. What is w(2)?
102
Let b(u) = 63*u**3 + 4*u**2 + 3*u + 1. What is b(-1)?
-61
Let w(a) = 2*a**3 - 14*a**2 + 17*a - 113. Calculate w(7).
6
Let x(g) = -2*g**3 + 7*g**2 - g - 31. Give x(4).
-51
Let l(m) = m**2 + 90*m - 456. Give l(5).
19
Let s(a) = a**2 - 31*a + 163. Give s(19).
-65
Let g(a) = a**3 + 26*a**2 - 26*a + 17. Give g(-27).
-10
Let h(y) = -y**3 + 6*y**2 + 70*y - 53. Calculate h(12).
-77
Let n(w) = 98*w + 1380. Give n(-14).
8
Let y(n) = -2*n**3 + 19*n**2 - 21*n + 15. Calculate y(10).
-295
Let y(g) = 30*g + 303. Calculate y(-9).
33
Let d(i) = i**3 + 38*i**2 + 326*i + 26. What is d(-13)?
13
Let k(w) = 2*w**2 + 113*w + 896. Calculate k(-47).
3
Let t(d) = -4*d**2 - 9*d + 211. Determine t(-11).
-174
Let v(m) = m**3 - 9*m**2 + 11*m - 26. Give v(8).
-2
Let r(z) = -102*z + 2496. Give r(24).
48
Let y(s) = s**2 - 251*s + 1225. Determine y(5).
-5
Let m(d) = -d**2 + 521*d + 2641. What is m(-5)?
11
Let o(g) = -4*g**2 + 105*g + 120. What is o(26)?
146
Let s(c) = c**3 - 183*c**2 + 1232*c - 11. Give s(7).
-11
Let t(b) = -2*b + 44. What is t(27)?
-10
Let u(w) = -w**3 - 8*w**2 - 51*w - 225. Give u(-6).
9
Let m(n) = n**2 - 19*n + 79. Give m(6).
1
Let o(m) = 964*m + 7626. Calculate o(-8).
-86
Let f(n) = n**3 - 83*n**2 + 2*n - 67. Determine f(83).
99
Let l(b) = 15*b - 189. What is l(12)?
-9
Let v(k) = -k**3 - 9*k**2 + 4*k 